site number?
True
Is 141289 a composite number?
True
Is 43513 prime?
False
Is 14263 composite?
True
Is 1024127 a prime number?
False
Is 515 a composite number?
True
Is 442961 a composite number?
False
Is 761113 prime?
True
Is 824339 composite?
False
Is 3827 a prime number?
False
Is 31877 a composite number?
True
Is 28139 composite?
True
Is 10301 prime?
True
Is 4621 prime?
True
Is 1149121 a composite number?
True
Is 47477 a prime number?
False
Is 1543 a prime number?
True
Is 44617 a composite number?
False
Is 204973 composite?
False
Is 16439 prime?
False
Is 3254 a prime number?
False
Is 65869 a prime number?
False
Is 92023 prime?
False
Is 294753 prime?
False
Is 38143 a composite number?
True
Is 30817 a composite number?
False
Is 3137 a composite number?
False
Is 22719 a prime number?
False
Is 75523 a prime number?
False
Is 19577 a composite number?
False
Is 86407 prime?
False
Is 119 composite?
True
Is 7043339 a prime number?
True
Is 93853 a composite number?
True
Is 92107 composite?
False
Is 55243 prime?
True
Is 4873 a prime number?
False
Is 3505 a composite number?
True
Is 123829 a composite number?
False
Is 21667 prime?
False
Is 228229 a prime number?
False
Is 460451 a composite number?
False
Is 493201 composite?
False
Is 422 a prime number?
False
Is 46891 a prime number?
False
Is 15859 prime?
True
Is 309661 composite?
True
Is 50929 composite?
False
Is 204427 a composite number?
False
Is 2426861 a composite number?
True
Is 61781 a composite number?
False
Is 100069 composite?
False
Is 68071 prime?
True
Is 8663 a prime number?
True
Is 184519 a composite number?
True
Is 57973 a composite number?
False
Is 1017199 a prime number?
True
Is 3583813 a composite number?
True
Is 685 a composite number?
True
Is 65783 composite?
True
Is 25523 a prime number?
True
Is 3066641 composite?
False
Is 20239 prime?
False
Is 18899 composite?
False
Is 101291 a composite number?
True
Is 731966 a prime number?
False
Is 49813 prime?
False
Is 321143 a prime number?
True
Is 75011 a prime number?
True
Is 2613683 composite?
True
Is 48353 composite?
False
Is 17211 composite?
True
Is 158577 a composite number?
True
Is 23659 a prime number?
False
Is 224962 prime?
False
Is 88833 composite?
True
Is 1423507 a composite number?
False
Is 743251 composite?
False
Is 14767 prime?
True
Is 39607 a prime number?
True
Is 17881 a composite number?
False
Is 244433 a composite number?
True
Is 5833 prime?
False
Is 215149 a composite number?
True
Is 370759 a prime number?
True
Is 304421 prime?
False
Is 65567 prime?
False
Is 4811 a composite number?
True
Is 507347 a prime number?
True
Is 1067 composite?
True
Is 325735 prime?
False
Is 59 prime?
True
Is 12941 prime?
True
Is 5759 composite?
True
Is 59477 prime?
False
Is 10655 a composite number?
True
Is 410063 composite?
False
Is 89779 composite?
False
Is 33622 composite?
True
Is 47839 composite?
True
Is 30337 a prime number?
False
Is 3793 composite?
False
Is 24829 composite?
True
Is 24127 prime?
False
Is 4303 prime?
False
Is 2195 prime?
False
Is 2761 composite?
True
Is 5737 composite?
False
Is 10781 a prime number?
True
Is 22679 a composite number?
False
Is 13198 a prime number?
False
Is 17203 a composite number?
False
Is 95773 a prime number?
True
Is 209791 composite?
True
Is 33997 prime?
True
Is 16753 composite?
True
Is 298 a prime number?
False
Is 236609 composite?
False
Is 198502 a prime number?
False
Is 8189 prime?
False
Is 329577 a prime number?
False
Is 63107 composite?
True
Is 490339 a prime number?
True
Is 3907 prime?
True
Is 95738 prime?
False
Is 9897 a composite number?
True
Is 877 prime?
True
Is 11777 a composite number?
False
Is 134773 prime?
False
Is 1931 prime?
True
Is 394073 a composite number?
False
Is 117965 a prime number?
False
Is 4241 composite?
False
Is 20245 a prime number?
False
Is 993943 a composite number?
False
Is 2393 a prime number?
True
Is 426401 a prime number?
True
Is 427 a prime number?
False
Is 234409 a prime number?
False
Is 68569 a prime number?
False
Is 68759 a composite number?
True
Is 51962 composite?
True
Is 662 composite?
True
Is 2333 prime?
True
Is 42923 a composite number?
False
Is 39473 composite?
True
Is 28895 a prime number?
False
Is 27865 a composite number?
True
Is 465259 prime?
True
Is 594821 composite?
False
Is 17233 a composite number?
True
Is 6158 a prime number?
False
Is 39019 a composite number?
False
Is 2561 a composite number?
True
Is 257003 a composite number?
False
Is 1869513 composite?
True
Is 665351 a composite number?
False
Is 8287 a composite number?
False
Is 13661 composite?
True
Is 17583 prime?
False
Is 45587 prime?
True
Is 340805 composite?
True
Is 6185 composite?
True
Is 42043 composite?
False
Is 22189 a composite number?
False
Is 8047 a composite number?
True
Is 134971 prime?
False
Is 1267873 a prime number?
True
Is 9491 prime?
True
Is 1142389 a prime number?
True
Is 17159 a prime number?
True
Is 6295 prime?
False
Is 148763 prime?
True
Is 763201 a composite number?
False
Is 2063 a prime number?
True
Is 66481 a composite number?
True
Is 5027 a composite number?
True
Is 313661 a prime number?
True
Is 86561 prime?
True
Is 1374899 a prime number?
False
Is 103 a prime number?
True
Is 331 a composite number?
False
Is 65306 prime?
False
Is 57413 a prime number?
True
Is 11027 a prime number?
True
Is 176005 prime?
False
Is 317047 a composite number?
False
Is 41321 a composite number?
True
Is 733607 composite?
True
Is 558895 a composite number?
True
Is 307 composite?
False
Is 6433 a composite number?
True
Is 10411 a prime number?
False
Is 5501 composite?
False
Is 41573 prime?
False
Is 427 prime?
False
Is 107089 composite?
False
Is 7807 prime?
False
Is 2221431 a prime number?
False
Is 932917 composite?
False
Is 823283 a composite number?
False
Is 6449 composite?
False
Is 385403 a prime number?
True
Is 85297 composite?
False
Is 16781 a composite number?
True
Is 13217 a composite number?
False
Is 166493 a prime number?
False
Is 3907 a prime number?
True
Is 13643 a composite number?
True
Is 491935 a prime number?
False
Is 275601 a composite number?
True
Is 51073 a composite number?
True
Is 13891 prime?
False
Is 9199 a composite number?
False
Is 2103 composite?
True
Is 144051 a composite number?
True
Is 266017 a prime number?
False
Is 4663 composite?
False
Is 7627 a composite number?
True
Is 17621 a prime number?
False
Is 124067 a prime number?
True
Is 25439 a prime number?
True
Is 749311 composite?
True
Is 13781 a prime number?
True
Is 103007 prime?
True
Is 113591 a prime number?
True
Is 82293 a prime number?
False
Is 410303 a composite number?
True
Is 124589 a composite number?
True
Is 30817 a composite number?
False
Is 997 prime?
True
Is 42611 a prime number?
True
Is 29789 a prime number?
True
Is 211309 a prime number?
False
Is 5167 prime?
True
Is 101737 composite?
False
Is 13147 a composite number?
False
Is 62693 composite?
True
Is 1535 prime?
False
Is 120749 a prime number?
True
Is 21467 a prime number?
True
Is 28283 a composite number?
False
Is 12497 a prime number?
True
Is 357551 composite?
False
Is 6995915 composite?
True
Is 2191 a prime number?
False
Is 18397 a prime number?
True
Is 839203 composite?
False
Is 4379 a prime number?
False
Is 23857 composite?
False
Is 123241 composite?
True
Is 1087 composite?
False
Is 6467 a prime number?
False
Is 89477 a composite number?
False
Is 45967 a composite number?
True
Is 64799 a composite number?
True
Is 4283 composite?
False
Is 47735 a prime number?
False
Is 27046 prime?
False
Is 89627 a composite number?
False
Is 13939 a prime number?
False
Is 13073 a composite number?
True
Is 1157 prime?
False
Is 101573 a prime number?
True
Is 30269 composite?
False
Is 540301 a prime number?
True
Is 43447 prime?
False
Is 16183 composite?
False
Is 269039 prime?
True
Is 2503 composite?
False
Is 20499 a prime number?
False
Is 591235 prime?
False
Is 21781 a composite number?
True
Is 3883 a prime number?
False
Is 22171 prime?
True
Is 38321 prime?
True
Is 386681 a composite number?
True
Is 167 prime?
True
Is 547007 a prime number?
True
Is 192689 prime?
False
Is 448079 composite?
True
Is 32363 composite?
False
Is 93787 a composite number?
False
Is 1229 a composite number?
False
Is 39019 a prime number?
True
Is 821777 a composite number?
True
Is 14695 a prime nu